tors of 46553411?
149, 397, 787
What are the prime factors of 1700258824?
2, 11, 19321123
List the prime factors of 360696735.
3, 5, 7, 17, 193, 349
What are the prime factors of 1190185192?
2, 7, 439, 48413
List the prime factors of 3185515384.
2, 398189423
List the prime factors of 98734631.
157, 709, 887
List the prime factors of 833411210.
2, 5, 23, 223, 16249
What are the prime factors of 2163502912?
2, 23, 71, 127, 163
What are the prime factors of 1044479020?
2, 5, 13, 19, 211433
What are the prime factors of 27504892?
2, 6876223
List the prime factors of 4374333003.
3, 1458111001
List the prime factors of 97382547.
3, 157, 22973
What are the prime factors of 828754245?
3, 5, 11, 71, 23581
What are the prime factors of 696708110?
2, 5, 7, 17, 79, 7411
What are the prime factors of 915779397?
3, 13, 61, 29611
List the prime factors of 40332150.
2, 3, 5, 89627
What are the prime factors of 440779616?
2, 13774363
What are the prime factors of 1462749696?
2, 3, 317437
What are the prime factors of 10861820?
2, 5, 53, 10247
What are the prime factors of 91940653?
7, 73, 179923
What are the prime factors of 131449219?
11, 17, 702937
List the prime factors of 22381529.
53, 173, 2441
What are the prime factors of 482089?
59, 8171
What are the prime factors of 64383027?
3, 2963, 7243
What are the prime factors of 133563430?
2, 5, 7, 11, 13, 1213
List the prime factors of 763852459.
19, 389, 103349
What are the prime factors of 106498192?
2, 19, 61, 5743
List the prime factors of 1759893415.
5, 7, 23, 2186203
List the prime factors of 5269926.
2, 3, 173, 5077
What are the prime factors of 122573211?
3, 149, 274213
What are the prime factors of 23125661?
13, 17, 269, 389
What are the prime factors of 56324452?
2, 14081113
What are the prime factors of 644359447?
293, 2199179
List the prime factors of 2795087716.
2, 698771929
List the prime factors of 510111602.
2, 7, 11, 13, 67, 3803
What are the prime factors of 1448864602?
2, 2207, 328243
List the prime factors of 24253252.
2, 6063313
What are the prime factors of 89291315?
5, 31, 18583
List the prime factors of 73113524.
2, 11, 29, 5209
What are the prime factors of 105496363?
7, 79, 27253
What are the prime factors of 1294052846?
2, 131, 389, 12697
What are the prime factors of 49994177?
137, 364921
What are the prime factors of 74674330?
2, 5, 23, 149, 2179
What are the prime factors of 85989880?
2, 5, 1103, 1949
List the prime factors of 146733399.
3, 23, 708857
What are the prime factors of 28447871?
89, 319639
What are the prime factors of 617843897?
11, 56167627
What are the prime factors of 912881019?
3, 11119, 27367
List the prime factors of 2197420444.
2, 13457, 40823
What are the prime factors of 1309458143?
7, 187065449
What are the prime factors of 131849597?
11, 1361, 8807
What are the prime factors of 1264840304?
2, 7, 13, 563, 1543
List the prime factors of 714013527.
3, 229, 1039321
What are the prime factors of 238264155?
3, 5, 5294759
What are the prime factors of 1077535884?
2, 3, 89794657
List the prime factors of 600718116.
2, 3, 107, 199, 2351
What are the prime factors of 5821176?
2, 3, 59, 4111
List the prime factors of 122888726.
2, 41, 137, 10939
List the prime factors of 9430735638.
2, 3, 1571789273
List the prime factors of 3609081050.
2, 5, 72181621
List the prime factors of 69792771.
3, 1171, 19867
What are the prime factors of 5348868065?
5, 1069773613
List the prime factors of 60268616.
2, 7533577
What are the prime factors of 46232871?
3, 19, 41, 73, 271
What are the prime factors of 94670118?
2, 3, 127, 41413
What are the prime factors of 137156645?
5, 683, 40163
List the prime factors of 54045796.
2, 7, 53, 79, 461
What are the prime factors of 1399258217?
7, 67, 2983493
List the prime factors of 2239736467.
349, 6417583
List the prime factors of 24795687.
3, 7, 271, 4357
What are the prime factors of 186236197?
7, 26605171
List the prime factors of 3328877587.
7, 433, 587, 1871
What are the prime factors of 208064935?
5, 13, 3200999
List the prime factors of 36430505.
5, 19, 23, 16673
List the prime factors of 37774825.
5, 11, 137363
What are the prime factors of 2088729609?
3, 61, 11413823
List the prime factors of 1754458632.
2, 3, 19, 1282499
List the prime factors of 58750605.
3, 5, 491, 2659
What are the prime factors of 35128185?
3, 5, 41, 57119
List the prime factors of 10701921.
3, 19, 191, 983
List the prime factors of 305422830.
2, 3, 5, 71, 47797
List the prime factors of 44471934.
2, 3, 13, 190051
What are the prime factors of 2100585086?
2, 593, 1771151
What are the prime factors of 91369026?
2, 3, 7, 4933
List the prime factors of 162032330.
2, 5, 16203233
What are the prime factors of 78584233?
7, 13, 67, 12889
What are the prime factors of 36979471?
17, 2175263
List the prime factors of 4142853.
3, 11, 13, 29, 37
What are the prime factors of 386256?
2, 3, 13, 619
What are the prime factors of 31912091?
31912091
What are the prime factors of 69372348?
2, 3, 5781029
What are the prime factors of 816864016?
2, 51054001
List the prime factors of 1644332357.
1644332357
List the prime factors of 17665747.
11, 229, 7013
List the prime factors of 37050502.
2, 1153, 16067
List the prime factors of 288119442.
2, 3, 13, 3693839
List the prime factors of 244385941.
14407, 16963
List the prime factors of 126232460.
2, 5, 6311623
What are the prime factors of 4641969?
3, 17, 91019
What are the prime factors of 6537545006?
2, 5023, 650761
What are the prime factors of 4151217204?
2, 3, 19, 1427, 4253
What are the prime factors of 15119147?
443, 34129
What are the prime factors of 717489167?
127, 5649521
What are the prime factors of 3473609919?
3, 13, 89066921
What are the prime factors of 4174218537?
3, 277, 5023127
List the prime factors of 48187361.
31, 47, 33073
List the prime factors of 1487074566.
2, 3, 247845761
What are the prime factors of 5655556803?
3, 13, 145014277
List the prime factors of 114637984.
2, 3582437
What are the prime factors of 40613848?
2, 11, 461521
List the prime factors of 416626701.
3, 17, 31, 263521
List the prime factors of 187474829.
233, 804613
List the prime factors of 6521865952.
2, 7, 29115473
What are the prime factors of 187638926?
2, 93819463
List the prime factors of 96964050.
2, 3, 5, 37, 17471
What are the prime factors of 3359807515?
5, 11159, 60217
What are the prime factors of 68779445?
5, 7, 29, 67763
What are the prime factors of 425795464?
2, 17, 79, 39631
List the prime factors of 902451443.
17, 53085379
List the prime factors of 6591762986.
2, 19, 173467447
List the prime factors of 38585489.
61, 337, 1877
List the prime factors of 29624757.
3, 103, 95873
What are the prime factors of 52532996?
2, 13133249
List the prime factors of 2286814135.
5, 8039, 56893
What are the prime factors of 1732309766?
2, 11, 83, 383, 2477
What are the prime factors of 61035453?
3, 983, 6899
What are the prime factors of 392683433?
317, 1238749
List the prime factors of 46969742.
2, 17, 617, 2239
What are the prime factors of 31575582?
2, 3, 194911
List the prime factors of 57766796.
2, 14441699
What are the prime factors of 1676138210?
2, 5, 8447, 19843
What are the prime factors of 420555630?
2, 3, 5, 11, 1274411
List the prime factors of 100142473.
163, 557, 1103
What are the prime factors of 121996305?
3, 5, 83, 89, 367
List the prime factors of 191621692.
2, 829, 57787
List the prime factors of 1780954147.
7, 23, 127, 541
What are the prime factors of 34180627?
13, 157, 16747
List the prime factors of 3459239479.
3459239479
What are the prime factors of 4647295153?
23, 29, 13171
List the prime factors of 51958369.
19, 163, 883
List the prime factors of 2969581081.
3623, 819647
What are the prime factors of 492707342?
2, 569, 432959
List the prime factors of 325556541.
3, 97, 372917
List the prime factors of 7107905042.
2, 7, 109, 743, 6269
What are the prime factors of 1145926153?
317, 3614909
List the prime factors of 53918504.
2, 19, 354727
List the prime factors of 26305394.
2, 13152697
What are the prime factors of 250083671?
250083671
List the prime factors of 77714897.
13, 5978069
What are the prime factors of 248749669?
7, 23, 1545029
List the prime factors of 28938761.
23, 1258207
What are the prime factors 